tors of 52.
2, 13
What are the prime factors of 7268?
2, 23, 79
What are the prime factors of 825?
3, 5, 11
List the prime factors of 628.
2, 157
List the prime factors of 446.
2, 223
What are the prime factors of 10788?
2, 3, 29, 31
List the prime factors of 47.
47
List the prime factors of 3030.
2, 3, 5, 101
What are the prime factors of 763?
7, 109
List the prime factors of 18.
2, 3
List the prime factors of 35667.
3, 1321
List the prime factors of 47524.
2, 109
What are the prime factors of 18232?
2, 43, 53
List the prime factors of 89173.
7, 12739
What are the prime factors of 1611?
3, 179
What are the prime factors of 48?
2, 3
List the prime factors of 24047.
139, 173
List the prime factors of 1068.
2, 3, 89
What are the prime factors of 28858?
2, 47, 307
What are the prime factors of 5530?
2, 5, 7, 79
List the prime factors of 3207.
3, 1069
What are the prime factors of 1540?
2, 5, 7, 11
What are the prime factors of 490?
2, 5, 7
What are the prime factors of 15806?
2, 7, 1129
What are the prime factors of 37451?
17, 2203
List the prime factors of 88.
2, 11
What are the prime factors of 22186?
2, 11093
List the prime factors of 57364.
2, 14341
List the prime factors of 9428.
2, 2357
List the prime factors of 790.
2, 5, 79
What are the prime factors of 1834?
2, 7, 131
What are the prime factors of 1265?
5, 11, 23
List the prime factors of 28133.
7, 4019
List the prime factors of 1894.
2, 947
What are the prime factors of 2811?
3, 937
List the prime factors of 86766.
2, 3, 14461
What are the prime factors of 114504?
2, 3, 13, 367
What are the prime factors of 23837?
11, 197
What are the prime factors of 28182?
2, 3, 7, 11, 61
List the prime factors of 77598.
2, 3, 479
List the prime factors of 79235.
5, 13, 23, 53
What are the prime factors of 4288?
2, 67
List the prime factors of 24497.
11, 17, 131
List the prime factors of 1186.
2, 593
List the prime factors of 1768.
2, 13, 17
List the prime factors of 3576.
2, 3, 149
What are the prime factors of 6454?
2, 7, 461
List the prime factors of 68.
2, 17
List the prime factors of 10902.
2, 3, 23, 79
What are the prime factors of 49734?
2, 3, 307
List the prime factors of 28993.
79, 367
List the prime factors of 76726.
2, 13, 227
List the prime factors of 718.
2, 359
List the prime factors of 57175.
5, 2287
What are the prime factors of 3264?
2, 3, 17
List the prime factors of 3484.
2, 13, 67
List the prime factors of 169.
13
What are the prime factors of 2019?
3, 673
List the prime factors of 487.
487
List the prime factors of 15252.
2, 3, 31, 41
What are the prime factors of 776?
2, 97
List the prime factors of 183468.
2, 3, 15289
List the prime factors of 3963.
3, 1321
What are the prime factors of 98261?
97, 1013
What are the prime factors of 31981?
31981
What are the prime factors of 57616?
2, 13, 277
What are the prime factors of 2311?
2311
What are the prime factors of 3548?
2, 887
What are the prime factors of 55463?
37, 1499
What are the prime factors of 3539?
3539
List the prime factors of 1771.
7, 11, 23
What are the prime factors of 6216?
2, 3, 7, 37
What are the prime factors of 5365?
5, 29, 37
List the prime factors of 1763.
41, 43
What are the prime factors of 11310?
2, 3, 5, 13, 29
List the prime factors of 4496.
2, 281
What are the prime factors of 29704?
2, 47, 79
What are the prime factors of 5813?
5813
List the prime factors of 687.
3, 229
What are the prime factors of 394?
2, 197
What are the prime factors of 59697?
3, 11, 67
List the prime factors of 1158.
2, 3, 193
List the prime factors of 19398.
2, 3, 53, 61
What are the prime factors of 2508?
2, 3, 11, 19
What are the prime factors of 19244?
2, 17, 283
What are the prime factors of 1321?
1321
What are the prime factors of 133641?
3, 31, 479
What are the prime factors of 32520?
2, 3, 5, 271
List the prime factors of 3595.
5, 719
List the prime factors of 538.
2, 269
List the prime factors of 135246.
2, 3, 22541
List the prime factors of 2175.
3, 5, 29
List the prime factors of 35473.
19, 1867
What are the prime factors of 11381?
19, 599
List the prime factors of 4206.
2, 3, 701
List the prime factors of 9552.
2, 3, 199
What are the prime factors of 109477?
83, 1319
What are the prime factors of 58928?
2, 29, 127
List the prime factors of 1409.
1409
What are the prime factors of 23?
23
What are the prime factors of 202321?
7, 4129
List the prime factors of 852.
2, 3, 71
What are the prime factors of 181100?
2, 5, 1811
What are the prime factors of 79136?
2, 2473
List the prime factors of 1757.
7, 251
What are the prime factors of 7352?
2, 919
List the prime factors of 20298.
2, 3, 17, 199
What are the prime factors of 325?
5, 13
List the prime factors of 1297.
1297
List the prime factors of 7539.
3, 7, 359
What are the prime factors of 4811?
17, 283
List the prime factors of 36082.
2, 18041
What are the prime factors of 9814?
2, 7, 701
What are the prime factors of 6066?
2, 3, 337
List the prime factors of 22812.
2, 3, 1901
What are the prime factors of 44097?
3, 14699
List the prime factors of 977.
977
What are the prime factors of 1185?
3, 5, 79
What are the prime factors of 103463?
157, 659
List the prime factors of 16749.
3, 1861
What are the prime factors of 6690?
2, 3, 5, 223
List the prime factors of 168.
2, 3, 7
List the prime factors of 18561.
3, 23, 269
List the prime factors of 2531.
2531
List the prime factors of 855.
3, 5, 19
What are the prime factors of 4233?
3, 17, 83
What are the prime factors of 580?
2, 5, 29
What are the prime factors of 4543?
7, 11, 59
List the prime factors of 2766.
2, 3, 461
List the prime factors of 5140.
2, 5, 257
What are the prime factors of 470?
2, 5, 47
List the prime factors of 6894.
2, 3, 383
What are the prime factors of 91151?
91151
List the prime factors of 21412.
2, 53, 101
List the prime factors of 1117.
1117
What are the prime factors of 106708?
2, 7, 37, 103
What are the prime factors of 663?
3, 13, 17
List the prime factors of 2096.
2, 131
List the prime factors of 87746.
2, 73, 601
List the prime factors of 1752.
2, 3, 73
List the prime factors of 7292.
2, 1823
What are the prime factors of 6144?
2, 3
List the prime factors of 1365.
3, 5, 7, 13
List the prime factors of 30377.
37, 821
List the prime factors of 18346.
2, 9173
List the prime factors of 1571.
1571
What are the prime factors of 7915?
5, 1583
List the prime factors of 27612.
2, 3, 13, 59
List the prime factors of 14626.
2, 71, 103
What are the prime factors of 42609?
3, 7, 2029
List the prime factors of 866.
2, 433
What are the prime factors of 8440?
2, 5, 211
List the prime factors of 1447.
1447
What are the prime factors of 1070?
2, 5, 107
What are the prime factors of 7344?
2, 3, 17
What are the prime factors of 13315?
5, 2663
What are the prime factors of 1211?
7, 173
List the prime factors of 442.
2, 13, 17
What are the prime factors of 3220?
2, 5, 7, 23
What are the prime factors of 3044?
2, 761
List the prime factors of 9318.
2, 3, 1553
What are the prime factors of 3580?
2, 5, 179
What are the prime factors of 7278?
2, 3, 1213
What are the prime factors of 1144?
2, 11, 13
List the prime factors of 2261.
7, 17, 19
What are the prime factors of 828?
2, 3, 23
List the prime factors of 6090.
2, 3, 5, 7, 29
List the prime factors of 43990.
2, 5, 53, 83
List the prime factors of 1083.
3, 19
List the prime factors of 1485.
3, 5, 11
What are the prime factors of 81502?
2, 40751
What are the prime factors of 11095?
5, 7, 317
List the prime factors of 15222.
2, 3, 43, 59
What are the prime factors of 3754?
2, 1877
List the prime factors of 42033.
3, 14011
What are the prime factors of 50830?
2, 5, 13, 17, 23
What are the prime factors of 19895?
5, 23, 173
What are the prime factors of 14603?
17, 859
What are the prime factors of 59679?
3, 19, 349
What are the prime factors of 1315?
5, 263
What are the prime factors of 1002?
2, 3, 167
List the prime factors of 15744.
2, 3, 41
What are the prime factors of 2360?
2, 5, 59
What are the prime factors of 25155?
3, 5, 13, 43
List the prime factors of 2970.
2, 3, 5, 11
List the prime factors of 177627.
3, 59209
What are the prime factors of 950?
2, 5, 19
What are the prime factors of 3646?
2, 1823
List the prime factors of 22249.
19, 1171
List the prime fact